{"id":17216,"date":"2024-06-18T13:53:16","date_gmt":"2024-06-18T11:53:16","guid":{"rendered":"https:\/\/exklusiv-rideinstyle.com\/?post_type=product&#038;p=17216"},"modified":"2026-04-29T02:00:39","modified_gmt":"2026-04-29T00:00:39","slug":"casque-moto-integral-duke-2-flat-noir-cuivre","status":"publish","type":"product","link":"https:\/\/exklusiv-rideinstyle.com\/en\/casque-moto-integral-duke-2-flat-noir-cuivre\/","title":{"rendered":"DUKE II FLAT NOIR MAT \/ CUIVRE"},"content":{"rendered":"<h1><span style=\"font-size: 85%;\"><strong>Notre casque moto int\u00e9gral Duke II Flat c\u2019est l\u2019intemporalit\u00e9 au service de la performance<\/strong><\/span><\/h1>\n<h2><span style=\"font-size: 75%;\"><strong>Envie d\u2019un <a href=\"https:\/\/exklusiv-rideinstyle.com\/casques-moto\/integraux\/\">casque moto int\u00e9gral<\/a> qui allie le charme r\u00e9tro \u00e0 la performance d\u2019un mod\u00e8le moderne ?<\/strong><\/span><\/h2>\n<h3><span style=\"font-size: 75%;\"><strong>Ne cherchez plus, notre casque moto Duke II Flat est fait pour vous !\u00a0<\/strong><\/span><\/h3>\n<p>&nbsp;<\/p>\n<h4><strong>Un style vintage qui ne passera jamais de mode :<\/strong><\/h4>\n<ul>\n<li>Coque en fibre de verre l\u00e9g\u00e8re et profil\u00e9e pour un look r\u00e9tro affirm\u00e9<\/li>\n<li>Finitions en simili cuir perfor\u00e9 pour une touche d&#8217;\u00e9l\u00e9gance<\/li>\n<li>Couleur noir pour un style intemporel<\/li>\n<li>Design \u00e9pur\u00e9 et lignes raffin\u00e9es pour une allure \u00e0 la fois r\u00e9tro et moderne<\/li>\n<\/ul>\n<h4><strong>Un confort sur-mesure pour des rides inoubliables :<\/strong><\/h4>\n<ul>\n<li>Int\u00e9rieur en simili cuir perfor\u00e9 et trait\u00e9 antibact\u00e9rien pour un confort optimal<\/li>\n<li>Mousses int\u00e9rieures en su\u00e9dine d\u00e9montables et lavables pour une hygi\u00e8ne irr\u00e9prochable<\/li>\n<li>Ventilation mentonni\u00e8re pour limiter la transpiration et la bu\u00e9e<\/li>\n<li>Fermeture avec boucle microm\u00e9trique pour un ajustement facile et s\u00e9curis\u00e9<\/li>\n<\/ul>\n<h4><strong>Protection sans faille pour une conduite sereine :<\/strong><\/h4>\n<ul>\n<li>Fabriqu\u00e9 avec des mat\u00e9riaux de haute qualit\u00e9 et r\u00e9pondant aux normes de s\u00e9curit\u00e9 les plus strictes<\/li>\n<li>Coque en fibre de verre pour une protection optimale contre les chocs<\/li>\n<li>\u00c9cran incolore anti-rayure et UV pour prot\u00e9ger vos yeux des intemp\u00e9ries<\/li>\n<li>Homologu\u00e9 ECE 2206 pour une s\u00e9curit\u00e9 maximale<\/li>\n<\/ul>\n<h4><strong>Un \u00e9quipement complet pour une exp\u00e9rience parfaite :<\/strong><\/h4>\n<ul>\n<li>Livr\u00e9 avec une housse de transport pour un rangement facile<\/li>\n<li>Stickers r\u00e9fl\u00e9chissants pour une visibilit\u00e9 accrue sur la route<\/li>\n<li>Emplacement Bluetooth pr\u00e9vu au niveau des joues pour une int\u00e9gration facile d&#8217;un syst\u00e8me de communication<\/li>\n<li>Visi\u00e8re fum\u00e9e Duke II disponible en option pour une protection optimale contre le soleil<\/li>\n<\/ul>\n<p><strong>Notre casque moto int\u00e9gral Duke II Flat est l\u2019alli\u00e9 id\u00e9al des motards qui recherchent un casque moto vintage et \u00e9l\u00e9gant.<\/strong><\/p>\n","protected":false},"excerpt":{"rendered":"<p>Notre casque moto int\u00e9gral Duke II Flat c\u2019est l\u2019intemporalit\u00e9 au service de la performance Envie d\u2019un casque moto int\u00e9gral qui allie le charme r\u00e9tro \u00e0 la performance d\u2019un mod\u00e8le moderne ? Ne cherchez plus, notre casque moto Duke II Flat est fait pour vous !\u00a0 &nbsp; Un style vintage qui ne passera jamais de mode [&#8230;]\n","protected":false},"featured_media":17802,"template":"","meta":[],"product_brand":[],"product_cat":[53,54],"product_tag":[],"class_list":{"0":"post-17216","1":"product","2":"type-product","3":"status-publish","4":"has-post-thumbnail","6":"product_cat-casques-moto","7":"product_cat-integraux","9":"first","10":"instock","11":"taxable","12":"shipping-taxable","13":"purchasable","14":"product-type-variable","15":"has-default-attributes"},"_links":{"self":[{"href":"https:\/\/exklusiv-rideinstyle.com\/en\/wp-json\/wp\/v2\/product\/17216","targetHints":{"allow":["GET"]}}],"collection":[{"href":"https:\/\/exklusiv-rideinstyle.com\/en\/wp-json\/wp\/v2\/product"}],"about":[{"href":"https:\/\/exklusiv-rideinstyle.com\/en\/wp-json\/wp\/v2\/types\/product"}],"wp:featuredmedia":[{"embeddable":true,"href":"https:\/\/exklusiv-rideinstyle.com\/en\/wp-json\/wp\/v2\/media\/17802"}],"wp:attachment":[{"href":"https:\/\/exklusiv-rideinstyle.com\/en\/wp-json\/wp\/v2\/media?parent=17216"}],"wp:term":[{"taxonomy":"product_brand","embeddable":true,"href":"https:\/\/exklusiv-rideinstyle.com\/en\/wp-json\/wp\/v2\/product_brand?post=17216"},{"taxonomy":"product_cat","embeddable":true,"href":"https:\/\/exklusiv-rideinstyle.com\/en\/wp-json\/wp\/v2\/product_cat?post=17216"},{"taxonomy":"product_tag","embeddable":true,"href":"https:\/\/exklusiv-rideinstyle.com\/en\/wp-json\/wp\/v2\/product_tag?post=17216"}],"curies":[{"name":"wp","href":"https:\/\/api.w.org\/{rel}","templated":true}]}}

<h1><span style="font-size: 85%;"><strong>Notre casque moto intégral Duke II Flat c’est l’intemporalité au service de la performance</strong></span></h1>
<h2><span style="font-size: 75%;"><strong>Envie d’un <a href="https://exklusiv-rideinstyle.com/casques-moto/integraux/">casque moto intégral</a> qui allie le charme rétro à la performance d’un modèle moderne ?</strong></span></h2>
<h3><span style="font-size: 75%;"><strong>Ne cherchez plus, notre casque moto Duke II Flat est fait pour vous ! </strong></span></h3>
<p>&nbsp;</p>
<h4><strong>Un style vintage qui ne passera jamais de mode :</strong></h4>
<ul>
<li>Coque en fibre de verre légère et profilée pour un look rétro affirmé</li>
<li>Finitions en simili cuir perforé pour une touche d&#8217;élégance</li>
<li>Couleur noir pour un style intemporel</li>
<li>Design épuré et lignes raffinées pour une allure à la fois rétro et moderne</li>
</ul>
<h4><strong>Un confort sur-mesure pour des rides inoubliables :</strong></h4>
<ul>
<li>Intérieur en simili cuir perforé et traité antibactérien pour un confort optimal</li>
<li>Mousses intérieures en suédine démontables et lavables pour une hygiène irréprochable</li>
<li>Ventilation mentonnière pour limiter la transpiration et la buée</li>
<li>Fermeture avec boucle micrométrique pour un ajustement facile et sécurisé</li>
</ul>
<h4><strong>Protection sans faille pour une conduite sereine :</strong></h4>
<ul>
<li>Fabriqué avec des matériaux de haute qualité et répondant aux normes de sécurité les plus strictes</li>
<li>Coque en fibre de verre pour une protection optimale contre les chocs</li>
<li>Écran incolore anti-rayure et UV pour protéger vos yeux des intempéries</li>
<li>Homologué ECE 2206 pour une sécurité maximale</li>
</ul>
<h4><strong>Un équipement complet pour une expérience parfaite :</strong></h4>
<ul>
<li>Livré avec une housse de transport pour un rangement facile</li>
<li>Stickers réfléchissants pour une visibilité accrue sur la route</li>
<li>Emplacement Bluetooth prévu au niveau des joues pour une intégration facile d&#8217;un système de communication</li>
<li>Visière fumée Duke II disponible en option pour une protection optimale contre le soleil</li>
</ul>
<p><strong>Notre casque moto intégral Duke II Flat est l’allié idéal des motards qui recherchent un casque moto vintage et élégant.</strong></p>

<p>Notre casque moto intégral Duke II Flat c’est l’intemporalité au service de la performance Envie d’un casque moto intégral qui allie le charme rétro à la performance d’un modèle moderne ? Ne cherchez plus, notre casque moto Duke II Flat est fait pour vous !  &nbsp; Un style vintage qui ne passera jamais de mode [&#8230;]
